[INFO] cloning repository https://github.com/Brendonovich/shit-chat-says
[INFO] running `Command { std: "git" "-c" "credential.helper=" "-c" "credential.helper=/workspace/cargo-home/bin/git-credential-null" "clone" "--bare" "https://github.com/Brendonovich/shit-chat-says" "/workspace/cache/git-repos/https%3A%2F%2Fgithub.com%2FBrendonovich%2Fshit-chat-says", kill_on_drop: false }`
[INFO] [stderr] Cloning into bare repository '/workspace/cache/git-repos/https%3A%2F%2Fgithub.com%2FBrendonovich%2Fshit-chat-says'...
[INFO] running `Command { std: "git" "rev-parse" "HEAD", kill_on_drop: false }`
[INFO] [stdout] 90bc71ee2022b7e67de357a2a18bd146eea3b32e
[INFO] checking Brendonovich/shit-chat-says against master#e6e4f7ed1589e03bc2f6c5931c1a72e7947e8682 for beta-170-4
[INFO] running `Command { std: "git" "clone" "/workspace/cache/git-repos/https%3A%2F%2Fgithub.com%2FBrendonovich%2Fshit-chat-says" "/workspace/builds/worker-4-tc2/source", kill_on_drop: false }`
[INFO] [stderr] Cloning into '/workspace/builds/worker-4-tc2/source'...
[INFO] [stderr] done.
[INFO] validating manifest of git repo https://github.com/Brendonovich/shit-chat-says on toolchain e6e4f7ed1589e03bc2f6c5931c1a72e7947e8682
[INFO] running `Command { std: CARGO_HOME="/workspace/cargo-home" RUSTUP_HOME="/workspace/rustup-home" "/workspace/cargo-home/bin/cargo" "+e6e4f7ed1589e03bc2f6c5931c1a72e7947e8682" "metadata" "--manifest-path" "Cargo.toml" "--no-deps", kill_on_drop: false }`
[INFO] removed /workspace/builds/worker-4-tc2/source/.cargo/config.toml
[INFO] started tweaking git repo https://github.com/Brendonovich/shit-chat-says
[INFO] finished tweaking git repo https://github.com/Brendonovich/shit-chat-says
[INFO] tweaked toml for git repo https://github.com/Brendonovich/shit-chat-says written to /workspace/builds/worker-4-tc2/source/Cargo.toml
[INFO] crate git repo https://github.com/Brendonovich/shit-chat-says already has a lockfile, it will not be regenerated
[INFO] running `Command { std: CARGO_HOME="/workspace/cargo-home" RUSTUP_HOME="/workspace/rustup-home" "/workspace/cargo-home/bin/cargo" "+e6e4f7ed1589e03bc2f6c5931c1a72e7947e8682" "fetch" "--manifest-path" "Cargo.toml", kill_on_drop: false }`
[INFO] running `Command { std: "docker" "create" "-v" "/var/lib/crater-agent-workspace/builds/worker-4-tc2/target:/opt/rustwide/target:rw,Z" "-v" "/var/lib/crater-agent-workspace/builds/worker-4-tc2/source:/opt/rustwide/workdir:ro,Z" "-v" "/var/lib/crater-agent-workspace/cargo-home:/opt/rustwide/cargo-home:ro,Z" "-v" "/var/lib/crater-agent-workspace/rustup-home:/opt/rustwide/rustup-home:ro,Z" "-e" "SOURCE_DIR=/opt/rustwide/workdir" "-e" "CARGO_TARGET_DIR=/opt/rustwide/target" "-e" "CARGO_HOME=/opt/rustwide/cargo-home" "-e" "RUSTUP_HOME=/opt/rustwide/rustup-home" "-w" "/opt/rustwide/workdir" "-m" "1610612736" "--user" "0:0" "--network" "none" "ghcr.io/rust-lang/crates-build-env/linux@sha256:19e73879b68f455e41552ea35293514db52ea292d993f571636dbffedb77a1ee" "/opt/rustwide/cargo-home/bin/cargo" "+e6e4f7ed1589e03bc2f6c5931c1a72e7947e8682" "metadata" "--no-deps" "--format-version=1", kill_on_drop: false }`
[INFO] [stdout] 98693458a754fae2a4a997c50b91ec2dd00a94c25e19152bb812aad838782c7b
[INFO] running `Command { std: "docker" "start" "-a" "98693458a754fae2a4a997c50b91ec2dd00a94c25e19152bb812aad838782c7b", kill_on_drop: false }`
[INFO] running `Command { std: "docker" "inspect" "98693458a754fae2a4a997c50b91ec2dd00a94c25e19152bb812aad838782c7b", kill_on_drop: false }`
[INFO] running `Command { std: "docker" "rm" "-f" "98693458a754fae2a4a997c50b91ec2dd00a94c25e19152bb812aad838782c7b", kill_on_drop: false }`
[INFO] [stdout] 98693458a754fae2a4a997c50b91ec2dd00a94c25e19152bb812aad838782c7b
[INFO] running `Command { std: "docker" "create" "-v" "/var/lib/crater-agent-workspace/builds/worker-4-tc2/target:/opt/rustwide/target:rw,Z" "-v" "/var/lib/crater-agent-workspace/builds/worker-4-tc2/source:/opt/rustwide/workdir:ro,Z" "-v" "/var/lib/crater-agent-workspace/cargo-home:/opt/rustwide/cargo-home:ro,Z" "-v" "/var/lib/crater-agent-workspace/rustup-home:/opt/rustwide/rustup-home:ro,Z" "-e" "SOURCE_DIR=/opt/rustwide/workdir" "-e" "CARGO_TARGET_DIR=/opt/rustwide/target" "-e" "CARGO_INCREMENTAL=0" "-e" "RUST_BACKTRACE=full" "-e" "RUSTFLAGS=--cap-lints=forbid" "-e" "RUSTDOCFLAGS=--cap-lints=forbid" "-e" "CARGO_HOME=/opt/rustwide/cargo-home" "-e" "RUSTUP_HOME=/opt/rustwide/rustup-home" "-w" "/opt/rustwide/workdir" "-m" "1610612736" "--user" "0:0" "--network" "none" "ghcr.io/rust-lang/crates-build-env/linux@sha256:19e73879b68f455e41552ea35293514db52ea292d993f571636dbffedb77a1ee" "/opt/rustwide/cargo-home/bin/cargo" "+e6e4f7ed1589e03bc2f6c5931c1a72e7947e8682" "check" "--frozen" "--all" "--all-targets" "--message-format=json", kill_on_drop: false }`
[INFO] [stdout] bc97aff027584bcfb9df9df291c9b6fb6e84b4ef2b63baa48285affe9b09c564
[INFO] running `Command { std: "docker" "start" "-a" "bc97aff027584bcfb9df9df291c9b6fb6e84b4ef2b63baa48285affe9b09c564", kill_on_drop: false }`
[INFO] [stderr]    Compiling proc-macro2 v1.0.43
[INFO] [stderr]    Compiling libc v0.2.133
[INFO] [stderr]    Compiling unicode-ident v1.0.4
[INFO] [stderr]    Compiling syn v1.0.100
[INFO] [stderr]     Checking once_cell v1.15.0
[INFO] [stderr]    Compiling memchr v2.5.0
[INFO] [stderr]    Compiling serde_derive v1.0.145
[INFO] [stderr]    Compiling serde v1.0.145
[INFO] [stderr]    Compiling quote v1.0.21
[INFO] [stderr]    Compiling futures-core v0.3.24
[INFO] [stderr]    Compiling thiserror v1.0.35
[INFO] [stderr]     Checking itoa v1.0.3
[INFO] [stderr]    Compiling indexmap v1.9.1
[INFO] [stderr]     Checking futures-sink v0.3.24
[INFO] [stderr]     Checking bytes v1.2.1
[INFO] [stderr]    Compiling parking_lot_core v0.9.3
[INFO] [stderr]     Checking futures-io v0.3.24
[INFO] [stderr]    Compiling tokio v1.21.1
[INFO] [stderr]    Compiling num-traits v0.2.15
[INFO] [stderr]    Compiling futures-task v0.3.24
[INFO] [stderr]    Compiling futures-channel v0.3.24
[INFO] [stderr]    Compiling futures-util v0.3.24
[INFO] [stderr]     Checking ryu v1.0.11
[INFO] [stderr]     Checking tracing-core v0.1.29
[INFO] [stderr]    Compiling num-integer v0.1.45
[INFO] [stderr]    Compiling serde_json v1.0.85
[INFO] [stderr]     Checking tinyvec v1.6.0
[INFO] [stderr]     Checking unicode-bidi v0.3.8
[INFO] [stderr]     Checking either v1.8.0
[INFO] [stderr]     Checking iana-time-zone v0.1.50
[INFO] [stderr]    Compiling num-bigint v0.3.3
[INFO] [stderr]    Compiling ucd-trie v0.1.5
[INFO] [stderr]    Compiling async-trait v0.1.57
[INFO] [stderr]     Checking itertools v0.10.5
[INFO] [stderr]     Checking connection-string v0.1.14
[INFO] [stderr]     Checking lock_api v0.3.4
[INFO] [stderr]    Compiling indoc v1.0.7
[INFO] [stderr]     Checking http v0.2.8
[INFO] [stderr]     Checking tracing-log v0.1.3
[INFO] [stderr]     Checking thread_local v1.1.4
[INFO] [stderr]    Compiling backtrace v0.3.66
[INFO] [stderr]     Checking aho-corasick v0.7.19
[INFO] [stderr]    Compiling crossbeam-utils v0.8.11
[INFO] [stderr]    Compiling datamodel v0.1.0 (https://github.com/Brendonovich/prisma-engines?rev=5bacc96c3527f6a9e50c8011528fb64ac04e350b#5bacc96c)
[INFO] [stderr]    Compiling metrics v0.18.1
[INFO] [stderr]    Compiling libsqlite3-sys v0.22.2
[INFO] [stderr]     Checking tracing-subscriber v0.3.15
[INFO] [stderr]    Compiling generic-array v0.14.6
[INFO] [stderr]     Checking nom v7.1.1
[INFO] [stderr]     Checking getrandom v0.2.7
[INFO] [stderr]     Checking num_cpus v1.13.1
[INFO] [stderr]     Checking mio v0.8.4
[INFO] [stderr]     Checking signal-hook-registry v1.4.0
[INFO] [stderr]     Checking ahash v0.7.6
[INFO] [stderr]     Checking socket2 v0.4.7
[INFO] [stderr]     Checking time v0.1.43
[INFO] [stderr]     Checking parking_lot v0.12.1
[INFO] [stderr]     Checking atty v0.2.14
[INFO] [stderr]     Checking getrandom v0.1.16
[INFO] [stderr]     Checking unicode-normalization v0.1.22
[INFO] [stderr]     Checking parking_lot_core v0.7.2
[INFO] [stderr]     Checking colored v2.0.0
[INFO] [stderr]     Checking hashbrown v0.12.3
[INFO] [stderr]     Checking hashbrown v0.11.2
[INFO] [stderr]     Checking regex v1.6.0
[INFO] [stderr]     Checking rand_core v0.5.1
[INFO] [stderr]     Checking hostname v0.1.5
[INFO] [stderr]     Checking rand_core v0.6.4
[INFO] [stderr]     Checking parking_lot v0.10.2
[INFO] [stderr]     Checking unicode_categories v0.1.1
[INFO] [stderr]     Checking fallible-streaming-iterator v0.1.9
[INFO] [stderr]     Checking fallible-iterator v0.2.0
[INFO] [stderr]     Checking rand_chacha v0.2.2
[INFO] [stderr]     Checking miniz_oxide v0.5.4
[INFO] [stderr]     Checking rand_chacha v0.3.1
[INFO] [stderr]     Checking http-body v0.4.5
[INFO] [stderr]     Checking rand v0.7.3
[INFO] [stderr]     Checking hashlink v0.7.0
[INFO] [stderr]     Checking rand v0.8.5
[INFO] [stderr]    Compiling openssl-sys v0.9.75
[INFO] [stderr]     Checking gimli v0.26.2
[INFO] [stderr]     Checking object v0.29.0
[INFO] [stderr]     Checking want v0.3.0
[INFO] [stderr]     Checking parking_lot_core v0.8.5
[INFO] [stderr]    Compiling crossbeam-epoch v0.9.10
[INFO] [stderr]    Compiling openssl v0.10.41
[INFO] [stderr]     Checking idna v0.3.0
[INFO] [stderr]     Checking raw-cpuid v10.6.0
[INFO] [stderr]     Checking parking_lot v0.11.2
[INFO] [stderr]    Compiling anyhow v1.0.65
[INFO] [stderr]    Compiling metrics v0.19.0
[INFO] [stderr]    Compiling native-tls v0.2.10
[INFO] [stderr]     Checking crossbeam-channel v0.5.6
[INFO] [stderr]     Checking cuid v0.1.0 (https://github.com/prisma/cuid-rust?rev=4ffb2e47c772af62fed3ddc92bb7fc444d19e159#4ffb2e47)
[INFO] [stderr]     Checking atomic-shim v0.2.0
[INFO] [stderr]     Checking sketches-ddsketch v0.1.3
[INFO] [stderr]     Checking cpufeatures v0.2.5
[INFO] [stderr]     Checking ordered-float v2.10.0
[INFO] [stderr]     Checking bitmaps v2.1.0
[INFO] [stderr]    Compiling im v15.1.0
[INFO] [stderr]     Checking nibble_vec v0.1.0
[INFO] [stderr]     Checking sqlformat v0.2.0
[INFO] [stderr]     Checking endian-type v0.1.2
[INFO] [stderr]     Checking ipnet v2.5.0
[INFO] [stderr]    Compiling crossbeam-queue v0.3.6
[INFO] [stderr]     Checking radix_trie v0.2.1
[INFO] [stderr]     Checking rand_xoshiro v0.6.0
[INFO] [stderr]     Checking encoding_index_tests v0.1.4
[INFO] [stderr]     Checking ordermap v0.3.5
[INFO] [stderr]     Checking fixedbitset v0.1.9
[INFO] [stderr]     Checking block-buffer v0.10.3
[INFO] [stderr]     Checking crypto-common v0.1.6
[INFO] [stderr]     Checking lru v0.7.8
[INFO] [stderr]    Compiling adler v1.0.2
[INFO] [stderr]     Checking convert_case v0.5.0
[INFO] [stderr]     Checking digest v0.10.5
[INFO] [stderr]     Checking tower-layer v0.3.1
[INFO] [stderr]     Checking petgraph v0.4.13
[INFO] [stderr]    Compiling unicode-segmentation v1.10.0
[INFO] [stderr]     Checking void v1.0.2
[INFO] [stderr]     Checking quanta v0.9.3
[INFO] [stderr]    Compiling rustc-demangle v0.1.21
[INFO] [stderr]     Checking sha-1 v0.10.0
[INFO] [stderr]     Checking sized-chunks v0.6.5
[INFO] [stderr]     Checking unreachable v1.0.0
[INFO] [stderr]     Checking block-buffer v0.9.0
[INFO] [stderr]     Checking digest v0.9.0
[INFO] [stderr]     Checking iovec v0.1.4
[INFO] [stderr]    Compiling heck v0.3.3
[INFO] [stderr]     Checking net2 v0.2.37
[INFO] [stderr]    Compiling encoding_rs v0.8.31
[INFO] [stderr]     Checking ascii v0.9.3
[INFO] [stderr]     Checking sha2 v0.9.9
[INFO] [stderr]     Checking mio v0.6.23
[INFO] [stderr]    Compiling termcolor v1.1.3
[INFO] [stderr]     Checking http-range-header v0.3.0
[INFO] [stderr]     Checking addr2line v0.17.0
[INFO] [stderr]    Compiling Inflector v0.11.4
[INFO] [stderr]     Checking combine v3.8.1
[INFO] [stderr]     Checking event-listener v2.5.3
[INFO] [stderr]     Checking encoding-index-japanese v1.20141219.5
[INFO] [stderr]     Checking encoding-index-singlebyte v1.20141219.5
[INFO] [stderr]     Checking encoding-index-korean v1.20141219.5
[INFO] [stderr]     Checking encoding-index-simpchinese v1.20141219.5
[INFO] [stderr]     Checking encoding-index-tradchinese v1.20141219.5
[INFO] [stderr]     Checking dirs-sys v0.3.7
[INFO] [stderr]     Checking matchit v0.5.0
[INFO] [stderr]     Checking uuid v1.1.2
[INFO] [stderr]     Checking sql-ddl v0.1.0 (https://github.com/Brendonovich/prisma-engines?rev=5bacc96c3527f6a9e50c8011528fb64ac04e350b#5bacc96c)
[INFO] [stderr]     Checking mio-uds v0.6.8
[INFO] [stderr]     Checking sync_wrapper v0.1.1
[INFO] [stderr]     Checking concurrent-queue v1.2.4
[INFO] [stderr]     Checking tokio v0.2.25
[INFO] [stderr]     Checking directories v4.0.1
[INFO] [stderr]     Checking flate2 v1.0.24
[INFO] [stderr]     Checking simple-mutex v1.1.5
[INFO] [stderr]     Checking nanoid v0.4.0
[INFO] [stderr]     Checking fastrand v1.8.0
[INFO] [stderr]     Checking async-channel v1.7.1
[INFO] [stderr]     Checking dotenv v0.15.0
[INFO] [stderr]     Checking async-dup v1.2.2
[INFO] [stderr]     Checking encoding v0.2.33
[INFO] [stderr]     Checking futures-lite v1.12.0
[INFO] [stderr]     Checking tokio-util v0.3.1
[INFO] [stderr]     Checking twitchchat v0.14.8
[INFO] [stderr]    Compiling thiserror-impl v1.0.35
[INFO] [stderr]    Compiling tokio-macros v1.8.0
[INFO] [stderr]    Compiling futures-macro v0.3.24
[INFO] [stderr]    Compiling tracing-attributes v0.1.22
[INFO] [stderr]    Compiling enumflags2_derive v0.7.4
[INFO] [stderr]    Compiling metrics-macros v0.5.1
[INFO] [stderr]    Compiling serde_repr v0.1.9
[INFO] [stderr]    Compiling pin-project-internal v1.0.12
[INFO] [stderr]    Compiling user-facing-error-macros v0.1.0 (https://github.com/Brendonovich/prisma-engines?rev=5bacc96c3527f6a9e50c8011528fb64ac04e350b#5bacc96c)
[INFO] [stderr]    Compiling openssl-macros v0.1.0
[INFO] [stderr]    Compiling specta-macros v0.0.2
[INFO] [stderr]    Compiling enum_dispatch v0.3.8
[INFO] [stderr]     Checking enumflags2 v0.7.5
[INFO] [stderr]     Checking metrics-util v0.13.0
[INFO] [stderr]    Compiling pest v2.3.1
[INFO] [stderr]     Checking pin-project v1.0.12
[INFO] [stderr]     Checking tracing v0.1.36
[INFO] [stderr]     Checking tracing-futures v0.2.5
[INFO] [stderr]     Checking tracing-error v0.2.0
[INFO] [stderr]    Compiling pest_meta v2.3.1
[INFO] [stderr]     Checking diagnostics v0.1.0 (https://github.com/Brendonovich/prisma-engines?rev=5bacc96c3527f6a9e50c8011528fb64ac04e350b#5bacc96c)
[INFO] [stderr]    Compiling pest_generator v2.3.1
[INFO] [stderr]     Checking futures-executor v0.3.24
[INFO] [stderr]     Checking axum-core v0.2.8
[INFO] [stderr]    Compiling pest_derive v2.3.1
[INFO] [stderr]     Checking futures v0.3.24
[INFO] [stderr]     Checking tokio-util v0.7.4
[INFO] [stderr]     Checking mobc v0.7.3 (https://github.com/prisma/mobc?tag=1.0.5#d50fd5de)
[INFO] [stderr]     Checking opentelemetry v0.17.0
[INFO] [stderr]     Checking tokio-native-tls v0.3.0
[INFO] [stderr]     Checking tower v0.4.13
[INFO] [stderr]     Checking tokio-util v0.6.10
[INFO] [stderr]     Checking tokio-stream v0.1.10
[INFO] [stderr]     Checking schema-ast v0.1.0 (https://github.com/Brendonovich/prisma-engines?rev=5bacc96c3527f6a9e50c8011528fb64ac04e350b#5bacc96c)
[INFO] [stderr]     Checking irc-proto v0.15.0
[INFO] [stderr]     Checking tower-http v0.3.4
[INFO] [stderr]     Checking tracing-opentelemetry v0.17.4
[INFO] [stderr]     Checking url v2.3.1
[INFO] [stderr]     Checking chrono v0.4.22
[INFO] [stderr]     Checking bigdecimal v0.2.2
[INFO] [stderr]     Checking uuid v0.8.2
[INFO] [stderr]     Checking serde_urlencoded v0.7.1
[INFO] [stderr]     Checking serde_path_to_error v0.1.8
[INFO] [stderr]     Checking toml v0.5.9
[INFO] [stderr]     Checking serde-value v0.7.0
[INFO] [stderr]     Checking parser-database v0.1.0 (https://github.com/Brendonovich/prisma-engines?rev=5bacc96c3527f6a9e50c8011528fb64ac04e350b#5bacc96c)
[INFO] [stderr]     Checking h2 v0.3.14
[INFO] [stderr]     Checking metrics-util v0.12.1
[INFO] [stderr]     Checking graphql-parser v0.3.0 (https://github.com/prisma/graphql-parser?rev=6a3f58bd879065588e710cb02b5bd30c1ce182c3#6a3f58bd)
[INFO] [stderr]     Checking tungstenite v0.17.3
[INFO] [stderr]     Checking tokio-tungstenite v0.17.2
[INFO] [stderr]     Checking rusqlite v0.25.4
[INFO] [stderr]     Checking irc v0.15.0
[INFO] [stderr]     Checking twitch-irc v4.1.0
[INFO] [stderr]    Compiling json-rpc-api-build v0.1.0 (https://github.com/Brendonovich/prisma-engines?rev=5bacc96c3527f6a9e50c8011528fb64ac04e350b#5bacc96c)
[INFO] [stderr]     Checking native-types v0.1.0 (https://github.com/Brendonovich/prisma-engines?rev=5bacc96c3527f6a9e50c8011528fb64ac04e350b#5bacc96c)
[INFO] [stderr]     Checking lsp-types v0.91.1
[INFO] [stderr]     Checking prisma-value v0.1.0 (https://github.com/Brendonovich/prisma-engines?rev=5bacc96c3527f6a9e50c8011528fb64ac04e350b#5bacc96c)
[INFO] [stderr]     Checking specta v0.0.3
[INFO] [stderr]     Checking jsonrpc-core v17.1.0
[INFO] [stderr]     Checking quaint v0.2.0-alpha.13 (https://github.com/prisma/quaint?rev=fb4fe90682b4fecb485fd0d6975dd15a3bc9616b#fb4fe906)
[INFO] [stderr]     Checking dml v0.1.0 (https://github.com/Brendonovich/prisma-engines?rev=5bacc96c3527f6a9e50c8011528fb64ac04e350b#5bacc96c)
[INFO] [stderr]    Compiling migration-core v0.1.0 (https://github.com/Brendonovich/prisma-engines?rev=5bacc96c3527f6a9e50c8011528fb64ac04e350b#5bacc96c)
[INFO] [stderr]     Checking user-facing-errors v0.1.0 (https://github.com/Brendonovich/prisma-engines?rev=5bacc96c3527f6a9e50c8011528fb64ac04e350b#5bacc96c)
[INFO] [stderr]     Checking sql-schema-describer v0.1.0 (https://github.com/Brendonovich/prisma-engines?rev=5bacc96c3527f6a9e50c8011528fb64ac04e350b#5bacc96c)
[INFO] [stderr]     Checking hyper v0.14.20
[INFO] [stderr]     Checking metrics-exporter-prometheus v0.10.0
[INFO] [stderr]     Checking hyper-tls v0.5.0
[INFO] [stderr]     Checking axum v0.5.16
[INFO] [stderr]     Checking reqwest v0.11.12
[INFO] [stderr]     Checking datamodel-connector v0.1.0 (https://github.com/Brendonovich/prisma-engines?rev=5bacc96c3527f6a9e50c8011528fb64ac04e350b#5bacc96c)
[INFO] [stderr]     Checking sql-datamodel-connector v0.1.0 (https://github.com/Brendonovich/prisma-engines?rev=5bacc96c3527f6a9e50c8011528fb64ac04e350b#5bacc96c)
[INFO] [stderr]     Checking prisma-models v0.0.0 (https://github.com/Brendonovich/prisma-engines?rev=5bacc96c3527f6a9e50c8011528fb64ac04e350b#5bacc96c)
[INFO] [stderr]     Checking migration-connector v0.1.0 (https://github.com/Brendonovich/prisma-engines?rev=5bacc96c3527f6a9e50c8011528fb64ac04e350b#5bacc96c)
[INFO] [stderr]     Checking psl v0.1.0 (https://github.com/Brendonovich/prisma-engines?rev=5bacc96c3527f6a9e50c8011528fb64ac04e350b#5bacc96c)
[INFO] [stderr]     Checking rspc v0.0.5
[INFO] [stderr]     Checking sql-migration-connector v0.1.0 (https://github.com/Brendonovich/prisma-engines?rev=5bacc96c3527f6a9e50c8011528fb64ac04e350b#5bacc96c)
[INFO] [stderr]     Checking schema v0.1.0 (https://github.com/Brendonovich/prisma-engines?rev=5bacc96c3527f6a9e50c8011528fb64ac04e350b#5bacc96c)
[INFO] [stderr]     Checking query-connector v0.1.0 (https://github.com/Brendonovich/prisma-engines?rev=5bacc96c3527f6a9e50c8011528fb64ac04e350b#5bacc96c)
[INFO] [stderr]     Checking schema-builder v0.1.0 (https://github.com/Brendonovich/prisma-engines?rev=5bacc96c3527f6a9e50c8011528fb64ac04e350b#5bacc96c)
[INFO] [stderr]     Checking sql-query-connector v0.1.0 (https://github.com/Brendonovich/prisma-engines?rev=5bacc96c3527f6a9e50c8011528fb64ac04e350b#5bacc96c)
[INFO] [stderr]     Checking dmmf v0.1.0 (https://github.com/Brendonovich/prisma-engines?rev=5bacc96c3527f6a9e50c8011528fb64ac04e350b#5bacc96c)
[INFO] [stderr]     Checking query-core v0.1.0 (https://github.com/Brendonovich/prisma-engines?rev=5bacc96c3527f6a9e50c8011528fb64ac04e350b#5bacc96c)
[INFO] [stderr]     Checking request-handlers v0.1.0 (https://github.com/Brendonovich/prisma-engines?rev=5bacc96c3527f6a9e50c8011528fb64ac04e350b#5bacc96c)
[INFO] [stderr]     Checking prisma-client-rust v0.6.1 (https://github.com/Brendonovich/prisma-client-rust?rev=a0ede73f4a6a950a64d8a3dc01f6dbb332de36af#a0ede73f)
[INFO] [stderr]     Checking prisma-client-rust-sdk v0.6.1 (https://github.com/Brendonovich/prisma-client-rust?rev=a0ede73f4a6a950a64d8a3dc01f6dbb332de36af#a0ede73f)
[INFO] [stderr]     Checking shit-chat-says v0.1.0 (/opt/rustwide/workdir)
[INFO] [stdout] error[E0583]: file not found for module `prisma`
[INFO] [stdout]  --> src/main.rs:1:1
[INFO] [stdout]   |
[INFO] [stdout] 1 | mod prisma;
[INFO] [stdout]   | ^^^^^^^^^^^
[INFO] [stdout]   |
[INFO] [stdout]   = help: to create the module `prisma`, create file "src/prisma.rs" or "src/prisma/mod.rs"
[INFO] [stdout] 
[INFO] [stdout] 
[INFO] [stdout] error[E0583]: file not found for module `prisma`
[INFO] [stdout]  --> src/main.rs:1:1
[INFO] [stdout]   |
[INFO] [stdout] 1 | mod prisma;
[INFO] [stdout]   | ^^^^^^^^^^^
[INFO] [stdout]   |
[INFO] [stdout]   = help: to create the module `prisma`, create file "src/prisma.rs" or "src/prisma/mod.rs"
[INFO] [stdout] 
[INFO] [stdout] 
[INFO] [stdout] error[E0412]: cannot find type `PrismaClient` in module `prisma`
[INFO] [stdout]   --> src/main.rs:11:40
[INFO] [stdout]    |
[INFO] [stdout] 11 | type Router = rspc::Router<Arc<prisma::PrismaClient>>;
[INFO] [stdout]    |                                        ^^^^^^^^^^^^ not found in `prisma`
[INFO] [stdout] 
[INFO] [stdout] 
[INFO] [stdout] error[E0425]: cannot find function `new_client` in module `prisma`
[INFO] [stdout]   --> src/main.rs:26:31
[INFO] [stdout]    |
[INFO] [stdout] 26 |     let db = Arc::new(prisma::new_client().await?);
[INFO] [stdout]    |                               ^^^^^^^^^^ not found in `prisma`
[INFO] [stdout] 
[INFO] [stdout] 
[INFO] [stdout] error[E0412]: cannot find type `PrismaClient` in module `prisma`
[INFO] [stdout]   --> src/main.rs:61:34
[INFO] [stdout]    |
[INFO] [stdout] 61 | async fn run_irc(db: Arc<prisma::PrismaClient>) {
[INFO] [stdout]    |                                  ^^^^^^^^^^^^ not found in `prisma`
[INFO] [stdout] 
[INFO] [stdout] 
[INFO] [stdout] error[E0412]: cannot find type `PrismaClient` in module `prisma`
[INFO] [stdout]   --> src/main.rs:11:40
[INFO] [stdout]    |
[INFO] [stdout] 11 | type Router = rspc::Router<Arc<prisma::PrismaClient>>;
[INFO] [stdout]    |                                        ^^^^^^^^^^^^ not found in `prisma`
[INFO] [stdout] 
[INFO] [stdout] 
[INFO] [stdout] error[E0425]: cannot find function `new_client` in module `prisma`
[INFO] [stdout]   --> src/main.rs:26:31
[INFO] [stdout]    |
[INFO] [stdout] 26 |     let db = Arc::new(prisma::new_client().await?);
[INFO] [stdout]    |                               ^^^^^^^^^^ not found in `prisma`
[INFO] [stdout] 
[INFO] [stdout] 
[INFO] [stdout] error[E0412]: cannot find type `PrismaClient` in module `prisma`
[INFO] [stdout]   --> src/main.rs:61:34
[INFO] [stdout]    |
[INFO] [stdout] 61 | async fn run_irc(db: Arc<prisma::PrismaClient>) {
[INFO] [stdout]    |                                  ^^^^^^^^^^^^ not found in `prisma`
[INFO] [stdout] 
[INFO] [stdout] 
[INFO] [stderr]     Checking prisma-client-rust-cli v0.6.1 (https://github.com/Brendonovich/prisma-client-rust?rev=a0ede73f4a6a950a64d8a3dc01f6dbb332de36af#a0ede73f)
[INFO] [stdout] error: aborting due to 4 previous errors
[INFO] [stdout] 
[INFO] [stdout] 
[INFO] [stdout] error: aborting due to 4 previous errors
[INFO] [stdout] 
[INFO] [stdout] 
[INFO] [stdout] Some errors have detailed explanations: E0412, E0425, E0583.
[INFO] [stdout] 
[INFO] [stdout] Some errors have detailed explanations: E0412, E0425, E0583.
[INFO] [stdout] 
[INFO] [stdout] For more information about an error, try `rustc --explain E0412`.
[INFO] [stdout] 
[INFO] [stdout] For more information about an error, try `rustc --explain E0412`.
[INFO] [stdout] 
[INFO] [stderr] error: could not compile `shit-chat-says` (bin "shit-chat-says" test) due to 5 previous errors
[INFO] [stderr] warning: build failed, waiting for other jobs to finish...
[INFO] [stderr] error: could not compile `shit-chat-says` (bin "shit-chat-says") due to 5 previous errors
[INFO] running `Command { std: "docker" "inspect" "bc97aff027584bcfb9df9df291c9b6fb6e84b4ef2b63baa48285affe9b09c564", kill_on_drop: false }`
[INFO] running `Command { std: "docker" "rm" "-f" "bc97aff027584bcfb9df9df291c9b6fb6e84b4ef2b63baa48285affe9b09c564", kill_on_drop: false }`
[INFO] [stdout] bc97aff027584bcfb9df9df291c9b6fb6e84b4ef2b63baa48285affe9b09c564
